emainder when u is divided by x(-5)?
8
Let s be (2 + -18)/(-2) + -2. What is the remainder when 25 is divided by 2/s*81/3?
7
Let w(q) = q + 1. Let v(a) = -a**3 - 2*a**2 + 2*a - 2. Calculate the remainder when v(-3) is divided by w(0).
0
Let r(d) = -d**3 + 19*d**2 - 20*d + 24. Let y be r(18). Let b = 19 + y. Calculate the remainder when b is divided by 4.
3
Let x(n) = n + 21. Let h(q) = -q**2 - 5*q - 4. Let m be h(-6). Calculate the remainder when 21 is divided by x(m).
10
Let g(k) = 17*k + 7. Let j be g(4). Let i = j + -42. What is the remainder when i is divided by 9?
6
Suppose -15 = 4*o - 235. Calculate the remainder when o is divided by 8.
7
Suppose -4*r - r = -20. Suppose -4*f = 2*p - 0*f + 4, -37 = -r*p + f. What is the remainder when 20 is divided by p?
4
Suppose v = 2*v - 118. What is the remainder when v is divided by 15?
13
Let q = 11 - 6. Let l(n) = -n**2 + 8*n + 1. What is the remainder when l(6) is divided by q?
3
Let r(w) = w - 2. Let m = 15 - 11. Calculate the remainder when r(8) is divided by m.
2
Let n = 92 + -58. What is the remainder when 67 is divided by (2 + (-3)/2)*n?
16
Suppose 4*h + 0*h = -4*y + 100, h = 2*y + 37. Suppose 0 = -0*f + 2*f + 4, 0 = 5*d - 2*f - h. Calculate the remainder when 8 is divided by d.
3
Suppose -i - 3*l = -l - 137, 760 = 5*i - 5*l. Let r be 4/(-14) + (-726)/7. Let b = r + i. What is the remainder when b is divided by 11?
10
Suppose -4 = -3*h - 25. Let p(n) = -n**3 - 9*n**2 + n - 7. Let g(m) = -m**2 + 1. Let z(x) = 2*g(x) - p(x). Calculate the remainder when z(h) is divided by 9.
7
What is the remainder when 88 is divided by (3/6)/((-1)/(-36))?
16
What is the remainder when 42 + -8*2/4 is divided by 14?
10
Suppose 20 = v + 1. Suppose q - v = 35. Suppose -4*w - q = -138. What is the remainder when 62 is divided by w?
20
Let y = 2 - 1. Suppose -j - 3 = -2*t, 4*j - t + 0*t - 2 = 0. Calculate the remainder when j is divided by y.
0
Suppose 3*m = t + 141, 3*m - 201 = -m - 3*t. Calculate the remainder when m is divided by 25.
23
Suppose 0 = 5*n - 3*n - 52. What is the remainder when 101 is divided by n?
23
Let w(c) = 129*c**2 + 3*c - 1. What is the remainder when w(1) is divided by 22?
21
Suppose 2*r - 3*z = -24 + 76, -5*z = -2*r + 56. What is the remainder when r is divided by 8?
7
Let h = 72 + -33. Let g be 30/(-2)*(-5 + 0). Suppose 0 = -0*v + 5*v - 5*o - g, -4*o = 2*v - 24. Calculate the remainder when h is divided by v.
11
Suppose 0 = -h + 23 + 5. What is the remainder when 82 is divided by h?
26
Let q = 9 + -6. Suppose -4*j + 4*m = -2*j - 14, -3*j - 3*m + 21 = 0. Calculate the remainder when 62 is divided by j/q*(10 + -1).
20
Suppose 8*p = -0*p + 112. Calculate the remainder when 36 is divided by p.
8
Let w be (6/4)/((-12)/32). Let o = -1 - w. Suppose -3*x + 2*c = -37, -5*x + 63 = -5*c + o*c. Calculate the remainder when 24 is divided by x.
11
Suppose 2*y - 2 - 10 = 0. Calculate the remainder when 23 is divided by y.
5
Let d = 1 - -3. Let w = -2 + d. Suppose 15 = k + 2*i, -i - 13 + 18 = 0. Calculate the remainder when k is divided by w.
1
Let a = 16 + -4. What is the remainder when 59 is divided by a?
11
Let t(h) = 3*h**2 - 3*h + 2. Let z = -12 - -23. Let y = z - -12. What is the remainder when y is divided by t(2)?
7
Suppose -7*i + 16*i - 216 = 0. What is the remainder when 95 is divided by i?
23
Suppose 0 = 3*u - 5*u + l + 32, -80 = -5*u - l. What is the remainder when u is divided by -3*((-4)/2 + -1)?
7
Let p(z) = -z**3 - 6*z**2 + 2*z - 20. Calculate the remainder when 195/(-6)*8/(-10) is divided by p(-7).
11
Let n = -8 + 5. Let c = 62 + n. Calculate the remainder when c is divided by 20.
19
Let n be (2 - 3) + 0 + 2. Calculate the remainder when 52 is divided by 2 + 1 + 14 + n.
16
Let r(l) = -l**2 - l + 89. Let y be r(0). Let u = -49 + y. Calculate the remainder when u is divided by 14.
12
Let h = -6 - -11. Suppose 2*i = 5*d - 10*d + 11, 0 = 5*i + h*d - 20. Calculate the remainder when 5 is divided by i.
2
Let w(h) be the third derivative of h**5/60 + h**4/24 - h**3/3 + 2*h**2. What is the remainder when w(-4) is divided by 4?
2
Suppose -t - 1 - 5 = -4*p, 4*t + 2*p + 24 = 0. Let k be (t/(-4))/(9/12). Suppose 7*n = k*n + 60. Calculate the remainder when 22 is divided by n.
10
Let x(q) = -2*q**2 - 2*q + 4. Let h be x(3). Let z = h - -37. Let g = -9 - -42. Calculate the remainder when g is divided by z.
16
Suppose -6 = -3*y + 15. Let k(p) = -p**2 + 13*p - 7. Let x be k(10). Let o = -4 + x. What is the remainder when o is divided by y?
5
Suppose 0 = 5*k - 2*h - 168, k - 38 = -0*h - 4*h. Suppose t + k = 3*j + j, -5*j + 48 = -4*t. What is the remainder when j is divided by 4?
0
Suppose -2*u + 2 = 5*o - 41, 0 = -2*o + 2. Calculate the remainder when 37 is divided by u.
18
Let z(b) = -b + 7. Let v be z(7). What is the remainder when (7/2 + v)*2 is divided by 4?
3
Let h be 14/(-10) - 6/10. Let n(b) = b**2 - 13*b + 1. Let y be n(11). Let a = h - y. What is the remainder when a is divided by 5?
4
Let b(z) = -z**2 + 5*z - 1. Calculate the remainder when b(4) is divided by (20/(-25))/((-4)/10).
1
Suppose 0 = -k + 11 + 27. Suppose 43 = 3*b - 2*z, 0 = 5*b - 2*z - 50 - 19. Calculate the remainder when k is divided by b.
12
Suppose -6*v = -3*y - v + 127, 4*y + 3*v = 121. Calculate the remainder when 133 is divided by y.
31
Let v = 58 - 10. Suppose -160 = -2*p - v. What is the remainder when p is divided by 15?
11
Suppose 714 = -19*m + 22*m. Calculate the remainder when m is divided by 40.
38
Let q be 12*1*(-2 - -4). Let p = -16 + q. What is the remainder when 14 is divided by p?
6
Let z(b) = 4*b**2 - 5*b - 2. Let l be z(-3). Suppose 2*v + 3*p - l = 0, 2*v - 4*p = 80 - 10. What is the remainder when v is divided by 15?
14
Suppose -5*r + 90 = 4*y, 2*r + 6 = -r. Suppose 2*p + 8 - 2 = 0. What is the remainder when y is divided by p + 3 - -7*2?
11
Let n(j) = j + 11. Let l be n(-9). Let c = 2 + l. Calculate the remainder when 9 is divided by c.
1
Let h = 0 + 12. Calculate the remainder when 23 is divided by h.
11
Suppose 0 = -j + 4*j + w + 7, 3*j = -4*w - 10. Let d = j - -17. Calculate the remainder when d is divided by 6.
3
Suppose 5*q = q + 48. Let i = 0 - -4. Suppose 0 = 5*h - 0*h - 5, h = -i*a + 29. Calculate the remainder when q is divided by a.
5
Let k = 42 + -5. What is the remainder when k is divided by 21?
16
Let m(u) = -4*u**2 + 4*u + 11. Let f be m(-3). Let a be 70 - 0*(-2)/(-2). Let j = a + f. Calculate the remainder when j is divided by 17.
16
Let s(i) be the first derivative of -4*i**2 - 3*i + 2. Calculate the remainder when s(-3) is divided by 12.
9
Suppose 4*b = -m + 228, 0 = -2*b + 7*m - 5*m + 114. Calculate the remainder when b is divided by 15.
12
Suppose 0 = -4*u + 3 + 5. Suppose -u*v = -5*y + 94 + 117, v = 2. Calculate the remainder when y is divided by 15.
13
Suppose 3 = 2*l - 3. Suppose l*a - f = -2*f + 70, 0 = 5*a - f - 130. Suppose 8*v - 65 = 3*v. What is the remainder when a is divided by v?
12
Suppose -2*w - 603 = -11*w. Calculate the remainder when w is divided by 35.
32
Calculate the remainder when ((-4)/8)/(3/(-312)) - 2 is divided by 17.
16
Suppose -l = -0*l - 10. What is the remainder when 17 is divided by l?
7
Suppose 2*u + 3*l - 30 = -2*l, l = 5*u - 129. Calculate the remainder when u is divided by 13.
12
Let z = -18 + 40. What is the remainder when z is divided by 8?
6
Let g be (-51)/6 + (-1)/2. Let n = 19 + g. What is the remainder when (18 - -1)/(-4 - -5) is divided by n?
9
Let o = 37 + -26. Let h = o + 1. Calculate the remainder when 4/6*(0 + 51) is divided by h.
10
Suppose -3*t + 136 = -101. Suppose 0 = 5*f - 1 - t. What is the remainder when 46 is divided by f?
14
Let r = -8 + 13. Calculate the remainder when 6/(66/121) + (-2 - 0) is divided by r.
4
Let j be (2/4)/((-1)/(-8)). Let g be (-1)/(-4) - (-2)/(-8). Suppose g = -i - j + 6. What is the remainder when i is divided by 1?
0
Calculate the remainder when 36 is divided by ((-84)/(-9))/((48/9)/8).
8
Let y be 18/8 - (-1)/(-4). Let h(u) = 1 + 1 + 2*u**3 + 4*u**y - 2*u - 3*u**3. Calculate the remainder when h(3) is divided by 3.
2
Suppose -d - 12 = -0*k - 2*k, 20 = k - 4*d. Suppose -j + k = -3. Suppose 2*a = -3*a + 60. What is the remainder when a is divided by j?
5
Let t(f) = f + 7. What is the remainder when 23 + 1*(2 + -5) i